What is the greatest common divisor of 1062715 and 52785?
115
What is the greatest common factor of 10893052 and 2742?
914
What is the highest common divisor of 41055395 and 2840?
355
Calculate the greatest common divisor of 75 and 161625720.
15
What is the greatest common factor of 26180 and 154010395?
6545
Calculate the greatest common divisor of 36 and 2391.
3
Calculate the highest common factor of 40 and 7531120.
40
Calculate the highest common divisor of 10313693 and 78.
13
What is the highest common divisor of 2819076 and 6708?
156
Calculate the highest common factor of 7948997 and 21.
7
Calculate the greatest common factor of 2295229 and 162447.
313
What is the highest common divisor of 113118235 and 1895?
1895
Calculate the highest common factor of 590840 and 80.
40
Calculate the greatest common factor of 640 and 457321600.
640
Calculate the highest common factor of 246922800 and 7450.
7450
What is the highest common factor of 45889 and 499727?
421
Calculate the greatest common factor of 4845567600 and 400.
400
Calculate the greatest common divisor of 240844 and 8968.
76
Calculate the highest common divisor of 18735906 and 32802.
2982
Calculate the greatest common divisor of 7679346 and 1528.
382
What is the highest common divisor of 349807 and 644?
23
What is the highest common factor of 88662 and 24402?
42
Calculate the greatest common factor of 31513910 and 1702.
46
What is the greatest common divisor of 188376 and 54285?
141
Calculate the highest common factor of 4807824 and 84.
84
What is the highest common divisor of 183086217 and 67983?
3999
Calculate the highest common divisor of 146223840 and 40.
40
Calculate the greatest common factor of 179114124 and 36.
12
Calculate the highest common divisor of 71 and 21178803.
71
Calculate the highest common divisor of 8841 and 132205367.
2947
What is the highest common divisor of 18 and 73493874?
18
What is the greatest common divisor of 4270231 and 993?
331
What is the greatest common divisor of 83222943 and 2922?
1461
Calculate the highest common divisor of 584 and 456949048.
584
Calculate the highest common factor of 146312815 and 166.
83
Calculate the highest common factor of 13887 and 6597.
9
What is the greatest common factor of 3000 and 146325?
75
Calculate the highest common divisor of 16399577 and 32657.
1921
Calculate the highest common factor of 2340 and 44827380.
2340
What is the greatest common factor of 52758172 and 68?
4
What is the highest common divisor of 104 and 7209956?
52
What is the highest common factor of 2276 and 1389?
1
What is the highest common factor of 2176 and 52288?
64
What is the highest common factor of 440379411 and 877?
877
What is the highest common factor of 315 and 7908201?
63
What is the greatest common divisor of 15064712 and 312?
104
What is the greatest common factor of 5096 and 35260904?
56
What is the greatest common factor of 30564 and 791991?
27
What is the greatest common divisor of 6308856 and 150?
6
What is the greatest common factor of 3865239 and 18387?
81
Calculate the highest common factor of 9 and 6526701.
9
Calculate the highest common factor of 139512 and 65064.
24
Calculate the greatest common divisor of 47 and 1399683359.
47
What is the highest common divisor of 195789 and 930897?
33
What is the greatest common divisor of 17264 and 4443556?
52
Calculate the highest common divisor of 77474160 and 765.
45
What is the greatest common divisor of 45766368 and 14680?
2936
Calculate the greatest common divisor of 203642 and 727659.
233
Calculate the greatest common divisor of 752 and 53151472.
16
Calculate the greatest common divisor of 1254215127 and 33.
33
Calculate the highest common divisor of 434 and 1027838.
14
Calculate the highest common factor of 632 and 41880428.
316
What is the greatest common divisor of 3758252 and 5536?
692
Calculate the greatest common divisor of 186288 and 364392.
24
What is the highest common divisor of 17149768 and 27214?
2474
Calculate the highest common divisor of 333 and 2562179589.
333
Calculate the greatest common factor of 15196698 and 621.
207
Calculate the highest common factor of 432221024 and 41830.
8366
Calculate the greatest common divisor of 17480756 and 9912.
236
What is the highest common divisor of 283 and 9356546?
283
What is the highest common factor of 237385 and 36445?
985
Calculate the greatest common factor of 108 and 23908788.
36
What is the greatest common factor of 137 and 15756781?
137
Calculate the greatest common factor of 652590 and 15930.
270
What is the greatest common divisor of 71073 and 2208987?
477
What is the greatest common factor of 22 and 4347783?
11
What is the greatest common factor of 124 and 90602336?
124
Calculate the greatest common factor of 12011780 and 99.
11
What is the highest common factor of 5 and 22657715?
5
What is the highest common divisor of 456 and 725064?
24
Calculate the highest common divisor of 3992 and 12776.
8
Calculate the highest common divisor of 36 and 34344378.
18
Calculate the greatest common factor of 1244538 and 50946.
7278
What is the highest common factor of 20 and 341798570?
10
What is the highest common factor of 420 and 5366844?
84
What is the greatest common divisor of 207364200 and 160?
40
Calculate the highest common factor of 1508 and 1092111.
29
Calculate the greatest common divisor of 2035 and 33152405.
55
What is the greatest common divisor of 352 and 111497496?
88
What is the greatest common factor of 645532 and 13916?
284
What is the highest common divisor of 106 and 68284882?
106
Calculate the highest common factor of 3203728 and 418.
22
Calculate the highest common divisor of 579812 and 788.
4
What is the highest common factor of 129821 and 205539?
131
Calculate the highest common factor of 4682469 and 4512.
141
What is the greatest common factor of 869941 and 21024?
73
What is the greatest common factor of 1620 and 2956248?
36
What is the greatest common factor of 42 and 45922926?
42
Calculate the highest common factor of 3081 and 378443338.
1027
Calculate the highest common factor of 12 and 1470171732.
12
Calculate the highest common factor of 129027 and 258915.
123
What is the greatest common factor of 634015 and 20?
5
What is the highest common factor of 5229333 and 243?
27
Calculate the greatest common factor of 20 and 1090405.
5
Calculate the greatest common factor of 616 and 1941357264.
616
Calculate the greatest common divisor of 1318342068 and 972.
972
Calculate the highest common factor of 71950656 and 1120.
32
Calculate the greatest common divisor of 8198104 and 10160.
1016
Calculate the greatest common divisor of 34420 and 78260.
20
Calculate the highest common factor of 140625760 and 660.
220
Calculate the highest common factor of 20748 and 8803574.
494
Calculate the greatest common factor of 196 and 62776588.
28
What is the greatest common factor of 458941881 and 387?
129
Calculate the greatest common factor of 168658980 and 588.
588
What is the greatest common divisor of 1203854 and 2542?
62
What is the greatest common factor of 7800 and 3401800?
200
Calculate the highest common factor of 40044 and 347988.
564
Calculate the highest common factor of 22 and 10852886.
22
Calculate the greatest common factor of 1319192 and 8456.
56
What is the greatest common divisor of 36 and 318328692?
12
What is the highest common divisor of 3886923 and 6150?
123
Calculate the greatest common divisor of 1352363 and 81625.
653
What is the highest common divisor of 1276375 and 58125?
125
What is the greatest common factor of 222088 and 1125137?
1633
Calculate the highest common factor of 10756 and 1148229890.
5378
What is the highest common divisor of 109 and 60716379?
109
Calculate the greatest common divisor of 601468 and 30996.
28
Calculate the greatest common divisor of 21049879 and 4814.
83
What is the highest common divisor of 11786260 and 1602100?
8660
What is the highest common factor of 1257 and 89594770?
419
Calculate the greatest common factor of 90085 and 1430180.
215
Calculate the greatest common factor of 450 and 262938.
6
Calculate the greatest common divisor of 1115 and 12829413.
223
Calculate the greatest common factor of 2519 and 110868747.
2519
Calculate the highest common factor of 14360 and 21677